38 = -3*y. Calculate the greatest common factor of y and 18.
6
Let w be (-7)/21*(-230 - -2). What is the highest common divisor of 988 and w?
76
Let f = -395 + 204. Suppose l + 3 = 344. Let v = l + f. Calculate the highest common divisor of 60 and v.
30
Let n = -25 + 19. Let b = n + 34. What is the greatest common factor of 14 and b?
14
Suppose 2*h = -3*q + 78, -2*h = -5*q + 117 + 29. Calculate the greatest common factor of 70 and q.
14
Suppose 4*r = 3*p + 40, -5*r - 4*p - 23 = -6*r. Let o = 24 + -17. What is the greatest common factor of r and o?
7
Let s be 96/(-5)*680/(-51). Calculate the highest common factor of s and 32.
32
Let m(d) = 2*d + 1. Let u be m(10). Calculate the highest common divisor of u and 147.
21
Suppose 5*o = -2*w + 394, 2*w = -3*o - o + 314. Let p(g) = -37*g - 8. Let k be p(-4). Let n = k - o. What is the highest common factor of n and 20?
20
Let z(h) = 2*h**3 - 3*h**3 - 6 - 10*h + 0*h**3 + h**2 + 11*h. Let o be z(-4). Calculate the greatest common divisor of o and 28.
14
Let f(k) = 4*k**2 + 3*k - 4. Let r be f(-2). Suppose j = 49 - 48. Calculate the highest common divisor of j and r.
1
Suppose -4*d + 7899 = 2*b - 191, -8065 = -4*d + 3*b. Calculate the highest common divisor of d and 20.
20
Let q be (88/55)/((-6)/(-60)). What is the highest common divisor of q and 2032?
16
Let i = 147 + -87. Let t(y) = 22*y**2 + 9*y + 7. Let z be t(-1). Calculate the highest common divisor of i and z.
20
Let c = -18 - -10. Let i = c + 8. Suppose -g = 5*r - 96, -6*g + g - 20 = i. What is the greatest common divisor of r and 10?
10
Let h be 5/6 - 4669/(-42). What is the highest common factor of 4 and h?
4
Let u(c) = -20*c - 141. Let x be u(-10). What is the greatest common factor of x and 885?
59
Let h(n) = -n - 8. Let a be h(-12). Suppose 4*w + 1 = -b - 1, a*w = -4*b + 52. Let k = 11 + -8. What is the greatest common factor of b and k?
3
Let f be (2109 - 9)*20/15. Calculate the highest common factor of 8 and f.
8
Suppose -95 = -6*i + i. Let g = i + 131. Suppose 0*z + 45 = 3*z. Calculate the highest common factor of z and g.
15
Suppose -4*n - 2*s - s + 71 = 0, s - 33 = -2*n. Let y = -9 + n. Suppose 66 + 74 = y*u. Calculate the highest common factor of u and 42.
14
Let o = -5 - -4. Let i be o - (-1)/2*2. Suppose i = -p - 0*p + 3. Calculate the highest common divisor of 2 and p.
1
Suppose 8 = -2*b - 2, 5*w + 3*b + 70 = 0. Let p(z) = -6*z + 4*z + 13 - 2*z + 2*z. Let d be p(w). What is the greatest common divisor of 245 and d?
35
Let r = 304 + -206. Suppose -41 = -5*w + 29. What is the highest common factor of r and w?
14
Let d = 28 - 26. Suppose -d*q = -3*f - 65, -6*q = -2*q + f - 123. Let x = q + -11. What is the highest common divisor of x and 40?
20
Let o(m) be the third derivative of m**2 + 1/12*m**4 + 0*m + 3*m**3 + 0. Let i be o(6). What is the highest common divisor of 12 and i?
6
Let p(x) = 4*x - 24. Let c = 22 - 6. Let f be p(c). Calculate the greatest common factor of 16 and f.
8
Suppose -2*u + 17 + 27 = 0. Suppose -u = 3*t - 5*t. What is the greatest common divisor of 22 and t?
11
Let l(f) = f + 2. Let c be l(-3). Suppose 0 = -83*o + 89*o + 24. Let w be (1 - c)/(o/(-30)). What is the greatest common divisor of w and 105?
15
Let g(l) = 2*l**3 - 9*l**2 + 22*l. Let n be g(4). Calculate the highest common divisor of n and 360.
72
Let i be (-61)/((-256)/36 + 7). Calculate the highest common divisor of 9 and i.
9
Let c(q) = 2*q**3 - 64*q**2 + 31*q - 117. Let t be c(32). What is the greatest common factor of 35 and t?
35
Suppose 3*d + 423 - 447 = 0. What is the greatest common divisor of d and 1?
1
Suppose -5*f = 3*c - 455, -3*f = 2*f - 20. Let r = c + -65. Suppose 0 = -5*n + 3*v + 35, 2*n - 6 - 9 = v. What is the highest common factor of r and n?
10
Suppose p - 53 = -67. Let k be (-3)/((p/(-14))/((-30)/2)). What is the highest common factor of k and 18?
9
Let d(r) = -4*r + 14. Let n be d(0). Calculate the greatest common divisor of n and 147.
7
Suppose 4 = -2*w + 2*b, -33 + 11 = -5*w - 3*b. Let h(z) = z**3 + 2*z**2 + z - 1. Let g be h(w). Calculate the highest common factor of g and 136.
17
Let i be -3 + 1*(-4)/(12/(-15)). Suppose -s = i*s - 60. Calculate the greatest common divisor of s and 10.
10
Suppose 13*s - 49 = 341. Let g = 70 + 35. Calculate the greatest common divisor of g and s.
15
Suppose 22*a = 37*a - 135. Calculate the highest common divisor of a and 39.
3
Suppose 0 = 6*h - 7*h + 63. Suppose 5*p = -2*p + h. Let s be (-8)/(-2)*p/6. Calculate the greatest common factor of s and 66.
6
Suppose -195 = -9*m + 183. Calculate the highest common factor of 147 and m.
21
Let i be (-33 - -4)/1*-3. Let b = i + -63. Calculate the highest common divisor of 8 and b.
8
Let v = 2005 + -1987. Calculate the highest common factor of v and 153.
9
Let h = -3 + 3. Suppose -i - w = h, -i + 4*w + w = -6. Calculate the greatest common factor of 2 and i.
1
Let f(s) = -15*s - 925 - s**2 + 905 + 0*s**2. Suppose -4*a = 24 + 20. Let b be f(a). Calculate the highest common divisor of 264 and b.
24
Let y = 1478 - 318. What is the greatest common factor of 120 and y?
40
Let t be ((-798)/(-171))/(2/42 + 0). Let v = -7 + 8. Let q be (2/1)/(v/7). What is the highest common divisor of q and t?
14
Let u = -24 + 14. Let f(j) = 2*j**2 - 4*j + 8. Let k be f(u). Let i be k/14 - 8/(-28). Calculate the greatest common divisor of i and 198.
18
Let u be (184/(-16))/(1/(-2)). Calculate the greatest common factor of 46 and u.
23
Let h(b) = b**2 - 29*b - 18. Let a be h(30). Suppose 5*s - 4*n + 6*n = 25, s - 3*n + a = 0. Calculate the highest common divisor of s and 6.
3
Suppose 20*x - 3308 = 3172. Calculate the highest common divisor of x and 72.
36
Let c(a) = a**3 - 7*a**2 - 8*a + 5. Let w be c(8). Suppose -j = -w*i - 6*j + 265, 3*j = -4*i + 213. Calculate the highest common factor of i and 6.
6
Let l = 42 + -27. Suppose h - 2*h - 2*m = -83, -2*h + 134 = -4*m. Calculate the highest common factor of h and l.
15
Let k = 111 + -15. Suppose -t + 4 = 0, i = 5*i + 4*t - k. Calculate the greatest common divisor of i and 100.
20
Let f = -8 - -8. Let y be (1 - 2) + f + 2. Let q be y/(2/(-4) + 1). What is the highest common divisor of 8 and q?
2
Suppose -2*w + 455 + 380 = -q, 3*q = -4*w + 1695. Calculate the highest common divisor of 28 and w.
28
Let i = -267 - -268. What is the highest common divisor of i and 31?
1
Let a(x) = x**2 - 41*x - 296. Let o be a(48). Calculate the greatest common divisor of o and 5400.
40
Let j(p) = 257*p**2 - p + 1. Let l be j(1). Let f = -173 + l. Let u be 12 - (0/(-1))/1. Calculate the highest common divisor of u and f.
12
Suppose -u - 4*u + 4*d = -54, -3*u + 4*d = -34. Let b = 17 - u. Suppose -p + 3*r + 3 = 0, 0*p - b = -2*p + 5*r. What is the highest common divisor of 18 and p?
6
Let r = -1182 - -1191. Calculate the greatest common factor of 612 and r.
9
Let x(g) = 4*g**3 + g**2 - 3*g - 2. Suppose 0 = -8*a - 9 + 25. Let s be x(a). What is the greatest common divisor of 70 and s?
14
Suppose 5*n - 9*w = -7*w + 8465, 0 = 4*n - 5*w - 6789. What is the highest common divisor of n and 19?
19
Let y be (-22)/(-8) - (-12)/(-16). Suppose -a + 528 = y*a. Calculate the highest common factor of 16 and a.
16
Let n be (-6)/(-21) + (-215)/(-7). Suppose -3*o + 5*c + n = o, c = -4*o + 13. What is the highest common factor of o and 8?
4
Let s be (4 - 15)*8 - 0/3. Let j = -38 - s. Calculate the highest common divisor of 150 and j.
50
Let a = -28 + 23. Let r be 6*(a + 1 + 88/16). Calculate the highest common divisor of 3 and r.
3
Suppose r - 5*k = 636 - 215, -1247 = -3*r - k. Calculate the greatest common factor of r and 52.
52
Let q(v) = -3*v + 44. Let h be q(0). Suppose 0 = -0*m + 4*m - 1584. Calculate the highest common divisor of h and m.
44
Let z(h) be the first derivative of h**4/4 - h**3/3 + 4*h**2 + 2. Suppose 0 = 6*o - 20 - 4. Let p be z(o). What is the greatest common factor of 16 and p?
16
Let k be -7*(234/(-429) + 10/(-22)). Let b be (-3)/(-12) - (-18)/(-8). Let c = 3 + b. Calculate the greatest common divisor of k and c.
1
Let t be (-92)/207 - (-2744)/18. What is the highest common divisor of 114 and t?
38
Let u(j) = -2*j + 5. Let o be u(-5). Let z(x) = -x - 5 - 2*x + 4*x. Let r be z(10). Calculate the highest common divisor of r and o.
5
Suppose 0 = 4*l 